 - 5*m - 56. What is the hundreds digit of p(20)?
2
Suppose 3*t - 4*d = 186, 69 = t + d - 0*d. Let v be (t + -3)*(-2)/(-6). Let b = v + 21. What is the tens digit of b?
4
Suppose 0*q - 3*q - 3*n = -96, -q + 4*n + 52 = 0. Let j = -11 - -15. Suppose -x + q = -3*u, x - j = -4*u + 4. What is the tens digit of x?
2
Suppose -19*n - 29*n = -29520. What is the hundreds digit of n?
6
Let c = 13 + -14. What is the units digit of 61/(-2)*2/c?
1
Let k(i) = -9*i - 4. Let o(r) = -r**2 + 6*r + 10. Suppose 0 = 3*c - 5*c + 16. Let j be o(c). What is the units digit of k(j)?
0
Let u = 5941 - 3765. What is the tens digit of u?
7
Let h(t) = t**2 + 13*t + 40. Let r be h(-9). Suppose -4*p + 249 + 332 = -5*j, -r*j + 119 = p. What is the hundreds digit of p?
1
Let k = -189 + 291. What is the units digit of k?
2
Suppose -150 = -5*z - y, -56 = -2*z - 2*y + 4. Suppose 3*t - 51 = 3*c, 0*c + z = 2*t - 3*c. What is the units digit of t?
1
Let v = 21 + -19. Suppose v*o - z - 30 = -0*z, 2*z = -o + 15. What is the tens digit of o?
1
Let i(a) be the first derivative of 23*a**4/2 + a**3/3 - 2*a**2 + 2*a + 3. What is the units digit of i(1)?
5
Let p(d) = -d**3 - 18*d**2 - 16*d + 18. Let m be p(-17). What is the tens digit of 70 + -25 + (-1 - (0 + m))?
4
Let m(q) = -2*q + 31. Let v be m(8). Suppose -1206 = 6*d - v*d. What is the tens digit of d?
3
Suppose x = 12 + 10. Let r(c) = 12*c**2. Let i be r(-1). Let y = x - i. What is the tens digit of y?
1
Let d(m) = 15*m**2 - 12*m + 14. What is the units digit of d(3)?
3
Let i(q) be the second derivative of -q**4/12 + 7*q**3/2 - 45*q**2/2 - 8*q. What is the tens digit of i(14)?
5
Let k = -382 + 1773. What is the tens digit of k?
9
Let x be (5/(-2))/((-1)/2). Suppose -10 = 2*i - 20. Suppose i*w + p - 8 = 0, 4*w - x*p + 6 = -5. What is the units digit of w?
1
Suppose -13 = 4*k - 5. Let v be (k + 2)/(2/(-1)). What is the tens digit of 45 + (-12)/(v + 3)?
4
What is the thousands digit of (-60642)/(-18) - -1*3?
3
Let j(x) be the second derivative of -2*x**3/3 + 15*x**2/2 + 4*x. What is the units digit of j(-10)?
5
Let a = 24 - 27. What is the tens digit of (a/(-6) - -2)*16?
4
What is the units digit of (-4*(-5)/(-40))/((-3)/474)?
9
Let v = 600 + -425. What is the tens digit of v?
7
Let i be (-9*(-4)/24)/(3/952). Let n = i - 173. What is the tens digit of n?
0
Let x be 1/(-4 - -5) + -1. Let j(a) = 2*a**2 - 5*a - 7. Let g be j(5). Let c = g - x. What is the units digit of c?
8
Suppose -x = x - 252. Let k = -59 + x. What is the units digit of k?
7
Let r be 0 + 1*(3 - 6) + 3. Suppose r = -5*u - 9 + 534. What is the hundreds digit of u?
1
Let h(l) = l**2 + 1. Let g be h(-2). Suppose 0 = 5*k - 4*c + g*c + 122, 3*k - 4*c + 87 = 0. Let z = k + 71. What is the tens digit of z?
4
Let w(v) = v**3 - 4*v**2 - 2*v - 12. Suppose -4*f = -2*l, -5*l = -6*f + f - 15. What is the tens digit of w(l)?
4
Let q be ((-12)/(-10))/(-3)*-5. Let j = -137 - -153. Suppose -g = q*y - j, -5*g + 2*y - y + 80 = 0. What is the tens digit of g?
1
Let x(q) be the second derivative of -5*q**3 + 8*q**2 + 11*q. What is the tens digit of x(-6)?
9
Suppose -27*b + 48*b = 29463. What is the tens digit of b?
0
Let y(s) be the first derivative of -s**4/4 + s**2/2 - s + 4. What is the units digit of y(-2)?
5
Let z(i) = -i**3 + 12*i**2 + 2*i + 6. Let b be z(12). Suppose r - 6*r = -b. Suppose -3*w = 12, -5*l + r*w - 2*w = -76. What is the tens digit of l?
1
Suppose 5*v = 2*v - b + 25, 0 = 3*v + 2*b - 23. Suppose 0 = 3*z - 6 - v. Suppose z*h - 347 = -17. What is the units digit of h?
6
Let a(x) = 40*x**2 - x + 2. Let s be a(-2). What is the units digit of s/16 - 12/(-16)?
1
Let u(r) = -282*r - 3. Let f be u(5). Let c = f - -776. What is the tens digit of c/(-52) + (-1)/4?
1
Let u be (5 - -1 - 2) + -4. Suppose u = 4*z - 35 - 57. Suppose -2*v - z = -3*v. What is the tens digit of v?
2
Let o(k) = 3*k**2 + 7*k + 7. Suppose 3*t - 18 = 6*t. What is the tens digit of o(t)?
7
Suppose -48*c - 10 = -53*c. What is the units digit of (7 + c)*(-1 + 1 + 3)?
7
Suppose 1 = 2*z - 5. Suppose -2*x - z*h + 14 = 0, -3*x - 2*h + 4*h = -8. Suppose 0*k - k = -5*b - 46, 2*k = -x*b + 78. What is the tens digit of k?
4
Let r(l) be the second derivative of l**4/6 - 5*l**3/6 - 2*l**2 + 4*l. What is the units digit of r(6)?
8
Let z be 36/10 + 24/(-40). Suppose 3*w = z*s + 114, s - 38 = 3*w - 4*w. What is the tens digit of w?
3
Let v(l) = -5*l + 52. Let j(s) = -3*s + 26. Let t(i) = -7*j(i) + 4*v(i). Let k be t(-6). Suppose -19*n - 6 = -k*n. What is the units digit of n?
6
Let t(u) = 6*u. Suppose 5*z - 6 = 2*z. Let q be t(z). Suppose 0*c + 6 = 2*c, 0 = -2*m - 2*c + q. What is the units digit of m?
3
Let q(j) = 4*j**3 + 7*j**2 + 8*j - 12. Let g be q(6). What is the units digit of 51/119 - g/(-7)?
5
Let o be 13 + -10 - 2*-1. Suppose 4*g + o*u = 7*g - 10, 28 = 2*g + 2*u. Let x = 14 - g. What is the units digit of x?
4
Suppose -i = -2, 4*i - 14 + 38 = -4*b. Let o(r) = r**2 - r - 10. Let d be o(b). Let p = -11 + d. What is the units digit of p?
1
Let s be (4 - 1) + -2 + 4. Let d = 6 - 4. Suppose -s*z - d = -7*z. What is the units digit of z?
1
Let x = 1191 - -2817. What is the thousands digit of x?
4
Suppose 3*w = -3*l + 45, -5*l = 5*w - 6*l - 75. What is the tens digit of w?
1
Suppose -868 = -4*y + 68. What is the hundreds digit of y?
2
Suppose 0 = 3*p - 5*r - 168, r = 2*p + 3*p - 258. Let x = -1 + p. What is the tens digit of x?
5
Let o(s) = 4*s + 1415. What is the thousands digit of o(71)?
1
Suppose 2 = 10*w - 11*w. What is the tens digit of ((-2)/(-10)*w)/(1/(-365))?
4
What is the tens digit of 161 - ((-2)/(-2) - 4)?
6
Let k(s) = s + 6. Let p be k(9). Suppose q + p = -3*y - 2*q, -4*y = -q + 40. What is the tens digit of (-1400)/(-24) + (-6)/y?
5
Suppose -2*z - 15 = -z. Suppose -2*x + 159 + 33 = r, -2*r + 366 = -5*x. What is the units digit of r/20 + 6/z?
9
Let p be 3 - 1 - -2 - 0. Suppose 0 = -2*c + 4*o, 0 = p*c + o - 9 - 18. What is the units digit of ((-30)/c)/((-3)/12)?
0
Let n(u) = -5*u. Let w = -22 - -27. Suppose 4*f - 4 - 2 = -5*s, -3*f - 13 = -w*s. What is the units digit of n(f)?
5
Let c(a) = 4*a - 17. Let v be c(10). Let b = v - -55. What is the units digit of b?
8
Let r(q) = -q**3 + 12*q**2 - 9*q + 16. Let p = -3 - -7. Suppose 5*d + 2*l - 55 = -3*l, 0 = d + p*l - 11. What is the units digit of r(d)?
8
Suppose -7*i - 180 = -i. Let l = i + 148. What is the hundreds digit of l?
1
Let j = 11 + -1. Let y = 12 - j. Suppose 5*q - 15 = 0, -y*g + 26 = 5*q - 25. What is the tens digit of g?
1
Suppose -9 = -2*w - w, -2*w = 5*r - 1841. What is the tens digit of r?
6
Let g(x) = x**3 - 12*x**2 - 20*x + 33. Let p(y) = y**3 - 9*y**2 + 10*y - 2. Let s be p(8). What is the hundreds digit of g(s)?
1
Let a(f) = 2*f**2 - f - 1. Let b be a(-2). Let g be (-2)/b + 336/54. What is the tens digit of (-208)/39*g/(-2)?
1
Let o be (2 - (0 + 3))*-2. Let x(d) = 1 + 2*d**2 + 5*d - 2*d**o + 2*d**2. What is the units digit of x(-4)?
3
Let v = 2 + -2. Let t(a) = -a**2 - a + 13. Let z be t(v). Let r = z - 10. What is the units digit of r?
3
What is the hundreds digit of 70/140*(1 - -1835)?
9
Let w(p) = p - 4. Let r be w(8). What is the units digit of (-2)/(r/(-262)) + -1?
0
Suppose 6*g - 2337 = 1971. What is the hundreds digit of g?
7
Let z(t) = -t**3 + 4*t**2 + 2. Let k be 6/(-5)*80/(-24). Suppose -1 = k*u - 13. What is the tens digit of z(u)?
1
Suppose 2*q = -5*r + 731, -2*q = 13*r - 12*r - 719. What is the hundreds digit of q?
3
Suppose -3*h - 7 = -2*o + 4*o, -2*h = 2*o + 6. Let n be (o - 1) + 1084/2. Suppose -9*p = -2*p - n. What is the tens digit of p?
7
Let n = 5791 + -3260. What is the units digit of n?
1
Let v = -125 + 445. What is the units digit of (-40)/v + 2450/16?
3
Let t be 4/16 + (-26)/8. Let p(i) = 7*i**2 + 6*i + 5. What is the units digit of p(t)?
0
Let b = -3470 - -6421. What is the thousands digit of b?
2
Suppose -95558 = -21*o - 2045. What is the units digit of o?
3
Let c = 3258 + -1886. What is the hundreds digit of c?
3
Let f(h) = h**2 - h + 1. Let o be f(1). Let x(m) = 3*m - 3. Let p be x(o). Suppose p = 2*u - 8*u + 126. What is the units digit of u?
1
Let n be -6 - 2428/(-28) - (-4)/14. Suppose n = h + 6. What is the units digit of h?
5
Let z be (-4 - -1)*16/(-12). Suppose -5*y - 2*m + 161 = 2*m, -z*m - 4 = 0. What is th